{"id":865,"date":"2025-06-13T18:04:08","date_gmt":"2025-06-13T15:04:08","guid":{"rendered":"http:\/\/emiregereklam.com\/index.php\/urun\/24172-mavi-lcd-tablet-kalemli-cok-renkli-dijital-cizim-yazi-tahtasi\/"},"modified":"2025-06-13T18:05:00","modified_gmt":"2025-06-13T15:05:00","slug":"24172-mavi-lcd-tablet-kalemli-cok-renkli-dijital-cizim-yazi-tahtasi","status":"publish","type":"product","link":"http:\/\/emiregereklam.com\/index.php\/urun\/24172-mavi-lcd-tablet-kalemli-cok-renkli-dijital-cizim-yazi-tahtasi\/","title":{"rendered":"24172 Mavi Lcd Tablet Kalemli \u00c7ok Renkli Dijital \u00c7izim &#038; Yaz\u0131 Tahtas\u0131"},"content":{"rendered":"<p>Ebat: 226 x 146 x 5 mm<br \/>\u00bb Radyasyonsuz \u00bb CR2025 3 V D\u00fc\u011fme Pil \u00bb Kilitleme \u00d6zelli\u011fi \u00bb Ta\u015f\u0131nabilir Hafiflik \u00bb Bir D\u00fc\u011fme \u0130le Temizlik<br \/>\u00bb Ekran Ebat: 8,5 in\u00e7 \u00bb \u00dcr\u00fcn Ebat: 226 x 146 x 5 mm<br \/>18-11-2024 09:01:29<\/p>\n","protected":false},"excerpt":{"rendered":"<p>Ebat: 226 x 146 x 5 mm\u00bb Radyasyonsuz \u00bb CR2025 3 V D\u00fc\u011fme Pil \u00bb Kilitleme \u00d6zelli\u011fi \u00bb Ta\u015f\u0131nabilir Hafiflik \u00bb Bir D\u00fc\u011fme \u0130le Temizlik\u00bb Ekran Ebat: 8,5 in\u00e7 \u00bb \u00dcr\u00fcn Ebat: 226 x 146 x 5 mm18-11-2024 09:01:29<\/p>\n","protected":false},"featured_media":0,"comment_status":"closed","ping_status":"open","template":"","meta":[],"product_brand":[],"product_cat":[17],"product_tag":[],"class_list":{"0":"post-865","1":"product","2":"type-product","3":"status-publish","5":"product_cat-teknoloji-urunleri-lcd-tablet","7":"first","8":"instock","9":"product-type-simple"},"_links":{"self":[{"href":"http:\/\/emiregereklam.com\/index.php\/wp-json\/wp\/v2\/product\/865","targetHints":{"allow":["GET"]}}],"collection":[{"href":"http:\/\/emiregereklam.com\/index.php\/wp-json\/wp\/v2\/product"}],"about":[{"href":"http:\/\/emiregereklam.com\/index.php\/wp-json\/wp\/v2\/types\/product"}],"replies":[{"embeddable":true,"href":"http:\/\/emiregereklam.com\/index.php\/wp-json\/wp\/v2\/comments?post=865"}],"wp:attachment":[{"href":"http:\/\/emiregereklam.com\/index.php\/wp-json\/wp\/v2\/media?parent=865"}],"wp:term":[{"taxonomy":"product_brand","embeddable":true,"href":"http:\/\/emiregereklam.com\/index.php\/wp-json\/wp\/v2\/product_brand?post=865"},{"taxonomy":"product_cat","embeddable":true,"href":"http:\/\/emiregereklam.com\/index.php\/wp-json\/wp\/v2\/product_cat?post=865"},{"taxonomy":"product_tag","embeddable":true,"href":"http:\/\/emiregereklam.com\/index.php\/wp-json\/wp\/v2\/product_tag?post=865"}],"curies":[{"name":"wp","href":"https:\/\/api.w.org\/{rel}","templated":true}]}}