{"id":875,"date":"2025-06-13T18:05:11","date_gmt":"2025-06-13T15:05:11","guid":{"rendered":"http:\/\/emiregereklam.com\/index.php\/urun\/sp-4104-siyah-bluetooth-hoparlor\/"},"modified":"2025-06-13T18:05:40","modified_gmt":"2025-06-13T15:05:40","slug":"sp-4104-siyah-bluetooth-hoparlor","status":"publish","type":"product","link":"http:\/\/emiregereklam.com\/index.php\/urun\/sp-4104-siyah-bluetooth-hoparlor\/","title":{"rendered":"SP-4104 Siyah Bluetooth Hoparl\u00f6r"},"content":{"rendered":"<p>\u00bb 1 Y\u0131l garantili \u00bb 400 mAh \u00bb Bluetooth S\u00fcr\u00fcm\u00fc: 5.0 \u00bb Hoparl\u00f6r \u00c7\u0131k\u0131\u015f\u0131: 4 \u03a9 3 W \u00bb Oyun S\u00fcresi: 3-4 Saat<br \/>\u00bb 10 metre mesafe \u00bb Malzeme ABS + PVC \u00bb Mikro USB \u015earj Giri\u015fi ve Kablosu \u00bb Ebat: \u00c7ap 70 x 62 mm<br \/>MICRO USB<br \/>18-11-2024 09:01:29<\/p>\n","protected":false},"excerpt":{"rendered":"<p>\u00bb 1 Y\u0131l garantili \u00bb 400 mAh \u00bb Bluetooth S\u00fcr\u00fcm\u00fc: 5.0 \u00bb Hoparl\u00f6r \u00c7\u0131k\u0131\u015f\u0131: 4 \u03a9 3 W \u00bb Oyun S\u00fcresi: 3-4 Saat\u00bb 10 metre mesafe \u00bb Malzeme ABS + PVC \u00bb Mikro USB \u015earj Giri\u015fi ve Kablosu \u00bb Ebat: \u00c7ap 70 x 62 mmMICRO USB18-11-2024 09:01:29<\/p>\n","protected":false},"featured_media":0,"comment_status":"closed","ping_status":"open","template":"","meta":[],"product_brand":[],"product_cat":[18],"product_tag":[],"class_list":{"0":"post-875","1":"product","2":"type-product","3":"status-publish","5":"product_cat-teknoloji-urunleri-kulakliklar-ve-hoparlorler","7":"first","8":"instock","9":"product-type-simple"},"_links":{"self":[{"href":"http:\/\/emiregereklam.com\/index.php\/wp-json\/wp\/v2\/product\/875","targetHints":{"allow":["GET"]}}],"collection":[{"href":"http:\/\/emiregereklam.com\/index.php\/wp-json\/wp\/v2\/product"}],"about":[{"href":"http:\/\/emiregereklam.com\/index.php\/wp-json\/wp\/v2\/types\/product"}],"replies":[{"embeddable":true,"href":"http:\/\/emiregereklam.com\/index.php\/wp-json\/wp\/v2\/comments?post=875"}],"wp:attachment":[{"href":"http:\/\/emiregereklam.com\/index.php\/wp-json\/wp\/v2\/media?parent=875"}],"wp:term":[{"taxonomy":"product_brand","embeddable":true,"href":"http:\/\/emiregereklam.com\/index.php\/wp-json\/wp\/v2\/product_brand?post=875"},{"taxonomy":"product_cat","embeddable":true,"href":"http:\/\/emiregereklam.com\/index.php\/wp-json\/wp\/v2\/product_cat?post=875"},{"taxonomy":"product_tag","embeddable":true,"href":"http:\/\/emiregereklam.com\/index.php\/wp-json\/wp\/v2\/product_tag?post=875"}],"curies":[{"name":"wp","href":"https:\/\/api.w.org\/{rel}","templated":true}]}}