{"id":877,"date":"2025-06-13T18:05:11","date_gmt":"2025-06-13T15:05:11","guid":{"rendered":"http:\/\/emiregereklam.com\/index.php\/urun\/4102-siyaha-beyaz-isik-anahtarlik-coklu-kablo\/"},"modified":"2025-06-13T18:05:46","modified_gmt":"2025-06-13T15:05:46","slug":"4102-siyaha-beyaz-isik-anahtarlik-coklu-kablo","status":"publish","type":"product","link":"http:\/\/emiregereklam.com\/index.php\/urun\/4102-siyaha-beyaz-isik-anahtarlik-coklu-kablo\/","title":{"rendered":"4102 Siyaha Beyaz I\u015f\u0131k Anahtarl\u0131k \u00c7oklu Kablo"},"content":{"rendered":"<p>USB MICRO USB TYPE-C LIGHTNING<br \/>18-11-2024 09:01:29<\/p>\n","protected":false},"excerpt":{"rendered":"<p>USB MICRO USB TYPE-C LIGHTNING18-11-2024 09:01:29<\/p>\n","protected":false},"featured_media":0,"comment_status":"closed","ping_status":"open","template":"","meta":[],"product_brand":[],"product_cat":[19],"product_tag":[],"class_list":{"0":"post-877","1":"product","2":"type-product","3":"status-publish","5":"product_cat-teknoloji-urunleri-data-ve-sarj-kablolari","7":"first","8":"instock","9":"product-type-simple"},"_links":{"self":[{"href":"http:\/\/emiregereklam.com\/index.php\/wp-json\/wp\/v2\/product\/877","targetHints":{"allow":["GET"]}}],"collection":[{"href":"http:\/\/emiregereklam.com\/index.php\/wp-json\/wp\/v2\/product"}],"about":[{"href":"http:\/\/emiregereklam.com\/index.php\/wp-json\/wp\/v2\/types\/product"}],"replies":[{"embeddable":true,"href":"http:\/\/emiregereklam.com\/index.php\/wp-json\/wp\/v2\/comments?post=877"}],"wp:attachment":[{"href":"http:\/\/emiregereklam.com\/index.php\/wp-json\/wp\/v2\/media?parent=877"}],"wp:term":[{"taxonomy":"product_brand","embeddable":true,"href":"http:\/\/emiregereklam.com\/index.php\/wp-json\/wp\/v2\/product_brand?post=877"},{"taxonomy":"product_cat","embeddable":true,"href":"http:\/\/emiregereklam.com\/index.php\/wp-json\/wp\/v2\/product_cat?post=877"},{"taxonomy":"product_tag","embeddable":true,"href":"http:\/\/emiregereklam.com\/index.php\/wp-json\/wp\/v2\/product_tag?post=877"}],"curies":[{"name":"wp","href":"https:\/\/api.w.org\/{rel}","templated":true}]}}